{"version":"1.0","provider_name":"AraCalma Vilanova i la Geltr\u00fa","provider_url":"https:\/\/www.aracalma.com\/ca\/","title":"Ritual Mindfulness - AraCalma Vilanova i la Geltr\u00fa","type":"rich","width":600,"height":338,"html":"<blockquote class=\"wp-embedded-content\" data-secret=\"chBbJf2pZJ\"><a href=\"https:\/\/www.aracalma.com\/ca\/producto\/ritual-mindfulness\/\">Ritual Mindfulness<\/a><\/blockquote><iframe sandbox=\"allow-scripts\" security=\"restricted\" src=\"https:\/\/www.aracalma.com\/ca\/producto\/ritual-mindfulness\/embed\/#?secret=chBbJf2pZJ\" width=\"600\" height=\"338\" title=\"&#8220;Ritual Mindfulness&#8221; &#8212; AraCalma Vilanova i la Geltr\u00fa\" data-secret=\"chBbJf2pZJ\" frameborder=\"0\" marginwidth=\"0\" marginheight=\"0\" scrolling=\"no\" class=\"wp-embedded-content\"><\/iframe><script>\n\/*! This file is auto-generated *\/\n!function(d,l){\"use strict\";l.querySelector&&d.addEventListener&&\"undefined\"!=typeof URL&&(d.wp=d.wp||{},d.wp.receiveEmbedMessage||(d.wp.receiveEmbedMessage=function(e){var t=e.data;if((t||t.secret||t.message||t.value)&&!\/[^a-zA-Z0-9]\/.test(t.secret)){for(var s,r,n,a=l.querySelectorAll('iframe[data-secret=\"'+t.secret+'\"]'),o=l.querySelectorAll('blockquote[data-secret=\"'+t.secret+'\"]'),c=new RegExp(\"^https?:$\",\"i\"),i=0;i<o.length;i++)o[i].style.display=\"none\";for(i=0;i<a.length;i++)s=a[i],e.source===s.contentWindow&&(s.removeAttribute(\"style\"),\"height\"===t.message?(1e3<(r=parseInt(t.value,10))?r=1e3:~~r<200&&(r=200),s.height=r):\"link\"===t.message&&(r=new URL(s.getAttribute(\"src\")),n=new URL(t.value),c.test(n.protocol))&&n.host===r.host&&l.activeElement===s&&(d.top.location.href=t.value))}},d.addEventListener(\"message\",d.wp.receiveEmbedMessage,!1),l.addEventListener(\"DOMContentLoaded\",function(){for(var e,t,s=l.querySelectorAll(\"iframe.wp-embedded-content\"),r=0;r<s.length;r++)(t=(e=s[r]).getAttribute(\"data-secret\"))||(t=Math.random().toString(36).substring(2,12),e.src+=\"#?secret=\"+t,e.setAttribute(\"data-secret\",t)),e.contentWindow.postMessage({message:\"ready\",secret:t},\"*\")},!1)))}(window,document);\n<\/script>\n","thumbnail_url":"https:\/\/www.aracalma.com\/wp-content\/uploads\/2023\/09\/masaje-relax.jpg","thumbnail_width":1000,"thumbnail_height":800,"description":"Imprescindible ritual facial i corporal que combina a la perfecci\u00f3 una cura purificant amb un moment agradable de relaxaci\u00f3. Gr\u00e0cies a l'exfoliant que utilitzem compost per sals de l'Him\u00e0laia i del Mar Mort i els diferents olis essencials, la pell es desf\u00e0 de les c\u00e8l\u00b7lules mortes, deixant un aspecte saludable. L'espirulina i les algues llumin\u00e0ries presents a l'embolcall aporten lluminositat i hidrataci\u00f3 a la pell. Ideal per regenerar i dinamitzar les pells m\u00e9s apagades. Massatge drenant realitzat amb maderoter\u00e0pia.  Tractament facial + Scrub+ Embolcall.  Durada: 90 min.  L'informem que els tractaments es realitzen exclusivament amb cita pr\u00e8via, en el seg\u00fcent horari:  Dilluns a Dijous | 09:30 - 14:00 i | 16:00 - 20:00  Divendres | 09:30 - 13:30 i divendres alterns de 16:00 a 20:00  Gr\u00e0cies per la seva comprensi\u00f3 i confian\u00e7a.  &nbsp;"}

AraCalma Vilanova i la Geltrú

Ritual Mindfulness - AraCalma Vilanova i la Geltrú

<blockquote class="wp-embedded-content" data-secret="chBbJf2pZJ"><a href="https://www.aracalma.com/ca/producto/ritual-mindfulness/">Ritual Mindfulness</a></blockquote><iframe sandbox="allow-scripts" security="restricted" src="https://www.aracalma.com/ca/producto/ritual-mindfulness/embed/#?secret=chBbJf2pZJ" width="600" height="338" title="&#8220;Ritual Mindfulness&#8221; &#8212; AraCalma Vilanova i la Geltrú" data-secret="chBbJf2pZJ" frameborder="0" marginwidth="0" marginheight="0" scrolling="no" class="wp-embedded-content"></iframe><script>
/*! This file is auto-generated */
!function(d,l){"use strict";l.querySelector&&d.addEventListener&&"undefined"!=typeof URL&&(d.wp=d.wp||{},d.wp.receiveEmbedMessage||(d.wp.receiveEmbedMessage=function(e){var t=e.data;if((t||t.secret||t.message||t.value)&&!/[^a-zA-Z0-9]/.test(t.secret)){for(var s,r,n,a=l.querySelectorAll('iframe[data-secret="'+t.secret+'"]'),o=l.querySelectorAll('blockquote[data-secret="'+t.secret+'"]'),c=new RegExp("^https?:$","i"),i=0;i<o.length;i++)o[i].style.display="none";for(i=0;i<a.length;i++)s=a[i],e.source===s.contentWindow&&(s.removeAttribute("style"),"height"===t.message?(1e3<(r=parseInt(t.value,10))?r=1e3:~~r<200&&(r=200),s.height=r):"link"===t.message&&(r=new URL(s.getAttribute("src")),n=new URL(t.value),c.test(n.protocol))&&n.host===r.host&&l.activeElement===s&&(d.top.location.href=t.value))}},d.addEventListener("message",d.wp.receiveEmbedMessage,!1),l.addEventListener("DOMContentLoaded",function(){for(var e,t,s=l.querySelectorAll("iframe.wp-embedded-content"),r=0;r<s.length;r++)(t=(e=s[r]).getAttribute("data-secret"))||(t=Math.random().toString(36).substring(2,12),e.src+="#?secret="+t,e.setAttribute("data-secret",t)),e.contentWindow.postMessage({message:"ready",secret:t},"*")},!1)))}(window,document);
</script>

Imprescindible ritual facial i corporal que combina a la perfecció una cura purificant amb un moment agradable de relaxació. Gràcies a l'exfoliant que utilitzem compost per sals de l'Himàlaia i del Mar Mort i els diferents olis essencials, la pell es desfà de les cèl·lules mortes, deixant un aspecte saludable. L'espirulina i les algues lluminàries presents a l'embolcall aporten lluminositat i hidratació a la pell. Ideal per regenerar i dinamitzar les pells més apagades. Massatge drenant realitzat amb maderoteràpia.  Tractament facial + Scrub+ Embolcall.  Durada: 90 min.  L'informem que els tractaments es realitzen exclusivament amb cita prèvia, en el següent horari:  Dilluns a Dijous | 09:30 - 14:00 i | 16:00 - 20:00  Divendres | 09:30 - 13:30 i divendres alterns de 16:00 a 20:00  Gràcies per la seva comprensió i confiança.  &nbsp;
