{"version":"1.0","provider_name":"AraCalma Vilanova i la Geltr\u00fa","provider_url":"https:\/\/www.aracalma.com\/ca\/","title":"Facial Reafirmant - AraCalma Vilanova i la Geltr\u00fa","type":"rich","width":600,"height":338,"html":"<blockquote class=\"wp-embedded-content\" data-secret=\"mApPT3L0P4\"><a href=\"https:\/\/www.aracalma.com\/ca\/producto\/facial-reafirmant-2\/\">Facial Reafirmant<\/a><\/blockquote><iframe sandbox=\"allow-scripts\" security=\"restricted\" src=\"https:\/\/www.aracalma.com\/ca\/producto\/facial-reafirmant-2\/embed\/#?secret=mApPT3L0P4\" width=\"600\" height=\"338\" title=\"&#8220;Facial Reafirmant&#8221; &#8212; AraCalma Vilanova i la Geltr\u00fa\" data-secret=\"mApPT3L0P4\" frameborder=\"0\" marginwidth=\"0\" marginheight=\"0\" scrolling=\"no\" class=\"wp-embedded-content\"><\/iframe><script>\n\/*! This file is auto-generated *\/\n!function(d,l){\"use strict\";l.querySelector&&d.addEventListener&&\"undefined\"!=typeof URL&&(d.wp=d.wp||{},d.wp.receiveEmbedMessage||(d.wp.receiveEmbedMessage=function(e){var t=e.data;if((t||t.secret||t.message||t.value)&&!\/[^a-zA-Z0-9]\/.test(t.secret)){for(var s,r,n,a=l.querySelectorAll('iframe[data-secret=\"'+t.secret+'\"]'),o=l.querySelectorAll('blockquote[data-secret=\"'+t.secret+'\"]'),c=new RegExp(\"^https?:$\",\"i\"),i=0;i<o.length;i++)o[i].style.display=\"none\";for(i=0;i<a.length;i++)s=a[i],e.source===s.contentWindow&&(s.removeAttribute(\"style\"),\"height\"===t.message?(1e3<(r=parseInt(t.value,10))?r=1e3:~~r<200&&(r=200),s.height=r):\"link\"===t.message&&(r=new URL(s.getAttribute(\"src\")),n=new URL(t.value),c.test(n.protocol))&&n.host===r.host&&l.activeElement===s&&(d.top.location.href=t.value))}},d.addEventListener(\"message\",d.wp.receiveEmbedMessage,!1),l.addEventListener(\"DOMContentLoaded\",function(){for(var e,t,s=l.querySelectorAll(\"iframe.wp-embedded-content\"),r=0;r<s.length;r++)(t=(e=s[r]).getAttribute(\"data-secret\"))||(t=Math.random().toString(36).substring(2,12),e.src+=\"#?secret=\"+t,e.setAttribute(\"data-secret\",t)),e.contentWindow.postMessage({message:\"ready\",secret:t},\"*\")},!1)))}(window,document);\n<\/script>\n","thumbnail_url":"https:\/\/www.aracalma.com\/wp-content\/uploads\/2023\/10\/beautician-applying-facial-mask-to-woman-at-spa-2022-12-16-09-37-23-utc.jpg","thumbnail_width":1000,"thumbnail_height":800,"description":"Tractament facial reafirmant realitzat amb cosm\u00e8tics i m\u00e0scares que disposen d'un alt contingut en actius regeneradors i antiedat que aporten tots els antioxidants i nutrients necessaris per reafirmar la pell i tornar-ne l'elasticitat. Acompanyat d'un massatge inspirat en les t\u00e8cniques de Kobido, els m\u00fasculs es relaxen, la pell s'il\u00b7lumina i l'oval facial recupera la definici\u00f3 i la fermesa.  Destinat a totes aquelles persones que vulguin allisar la seva pell, omplir les arrugues profundes i un efecte l\u00edfting en contorn de l'oval i el coll.  Durada: 75 min.  L'informem que els tractaments es realitzen exclusivament amb cita pr\u00e8via, en el seg\u00fcent horari:  Dilluns a Dijous | 09:30 - 14:00 Dimarts i Dijous | 16:00 - 20:00  Divendres | 09:30 - 13:30  Gr\u00e0cies per la seva comprensi\u00f3 i confian\u00e7a.  &nbsp;"}

AraCalma Vilanova i la Geltrú

Facial Reafirmant - AraCalma Vilanova i la Geltrú

<blockquote class="wp-embedded-content" data-secret="mApPT3L0P4"><a href="https://www.aracalma.com/ca/producto/facial-reafirmant-2/">Facial Reafirmant</a></blockquote><iframe sandbox="allow-scripts" security="restricted" src="https://www.aracalma.com/ca/producto/facial-reafirmant-2/embed/#?secret=mApPT3L0P4" width="600" height="338" title="&#8220;Facial Reafirmant&#8221; &#8212; AraCalma Vilanova i la Geltrú" data-secret="mApPT3L0P4" frameborder="0" marginwidth="0" marginheight="0" scrolling="no" class="wp-embedded-content"></iframe><script>
/*! This file is auto-generated */
!function(d,l){"use strict";l.querySelector&&d.addEventListener&&"undefined"!=typeof URL&&(d.wp=d.wp||{},d.wp.receiveEmbedMessage||(d.wp.receiveEmbedMessage=function(e){var t=e.data;if((t||t.secret||t.message||t.value)&&!/[^a-zA-Z0-9]/.test(t.secret)){for(var s,r,n,a=l.querySelectorAll('iframe[data-secret="'+t.secret+'"]'),o=l.querySelectorAll('blockquote[data-secret="'+t.secret+'"]'),c=new RegExp("^https?:$","i"),i=0;i<o.length;i++)o[i].style.display="none";for(i=0;i<a.length;i++)s=a[i],e.source===s.contentWindow&&(s.removeAttribute("style"),"height"===t.message?(1e3<(r=parseInt(t.value,10))?r=1e3:~~r<200&&(r=200),s.height=r):"link"===t.message&&(r=new URL(s.getAttribute("src")),n=new URL(t.value),c.test(n.protocol))&&n.host===r.host&&l.activeElement===s&&(d.top.location.href=t.value))}},d.addEventListener("message",d.wp.receiveEmbedMessage,!1),l.addEventListener("DOMContentLoaded",function(){for(var e,t,s=l.querySelectorAll("iframe.wp-embedded-content"),r=0;r<s.length;r++)(t=(e=s[r]).getAttribute("data-secret"))||(t=Math.random().toString(36).substring(2,12),e.src+="#?secret="+t,e.setAttribute("data-secret",t)),e.contentWindow.postMessage({message:"ready",secret:t},"*")},!1)))}(window,document);
</script>

Tractament facial reafirmant realitzat amb cosmètics i màscares que disposen d'un alt contingut en actius regeneradors i antiedat que aporten tots els antioxidants i nutrients necessaris per reafirmar la pell i tornar-ne l'elasticitat. Acompanyat d'un massatge inspirat en les tècniques de Kobido, els músculs es relaxen, la pell s'il·lumina i l'oval facial recupera la definició i la fermesa.  Destinat a totes aquelles persones que vulguin allisar la seva pell, omplir les arrugues profundes i un efecte lífting en contorn de l'oval i el coll.  Durada: 75 min.  L'informem que els tractaments es realitzen exclusivament amb cita prèvia, en el següent horari:  Dilluns a Dijous | 09:30 - 14:00 Dimarts i Dijous | 16:00 - 20:00  Divendres | 09:30 - 13:30  Gràcies per la seva comprensió i confiança.  &nbsp;
